{"id":150,"date":"2026-02-28T17:08:40","date_gmt":"2026-02-28T17:08:40","guid":{"rendered":"https:\/\/www.knopjestudio.de\/?page_id=150"},"modified":"2026-03-07T22:27:41","modified_gmt":"2026-03-07T22:27:41","slug":"papercuts","status":"publish","type":"page","link":"https:\/\/www.knopjestudio.de\/?page_id=150","title":{"rendered":"Papercuts"},"content":{"rendered":"\n<div style=\"height:38px\" aria-hidden=\"true\" class=\"wp-block-spacer\"><\/div>\n\n\n\n<figure class=\"wp-block-image size-large\"><img loading=\"lazy\" decoding=\"async\" width=\"1024\" height=\"256\" src=\"https:\/\/www.knopjestudio.de\/wp-content\/uploads\/2026\/03\/Etsy_Banner-1024x256.png\" alt=\"\" class=\"wp-image-326\" srcset=\"https:\/\/www.knopjestudio.de\/wp-content\/uploads\/2026\/03\/Etsy_Banner-1024x256.png 1024w, https:\/\/www.knopjestudio.de\/wp-content\/uploads\/2026\/03\/Etsy_Banner-300x75.png 300w, https:\/\/www.knopjestudio.de\/wp-content\/uploads\/2026\/03\/Etsy_Banner-768x192.png 768w, https:\/\/www.knopjestudio.de\/wp-content\/uploads\/2026\/03\/Etsy_Banner-1536x384.png 1536w, https:\/\/www.knopjestudio.de\/wp-content\/uploads\/2026\/03\/Etsy_Banner-2048x512.png 2048w\" sizes=\"auto, (max-width: 1024px) 100vw, 1024px\" \/><\/figure>\n\n\n\n<div style=\"height:38px\" aria-hidden=\"true\" class=\"wp-block-spacer\"><\/div>\n\n\n\n<div class=\"wp-block-uagb-container uagb-block-e2f7e58c alignfull uagb-is-root-container\"><div class=\"uagb-container-inner-blocks-wrap\">\n<div class=\"wp-block-uagb-container uagb-block-74b343d9\">\n<div class=\"wp-block-uagb-container uagb-block-cfcbb032\">\n<div class=\"wp-block-group is-layout-constrained wp-block-group-is-layout-constrained\">\n<div class=\"wp-block-uagb-image aligncenter uagb-block-2a418122 wp-block-uagb-image--layout-default wp-block-uagb-image--effect-static wp-block-uagb-image--align-center alignleft\"><figure class=\"wp-block-uagb-image__figure\"><img decoding=\"async\" srcset=\"https:\/\/www.knopjestudio.de\/wp-content\/uploads\/2026\/03\/fuerdich.png ,https:\/\/www.knopjestudio.de\/wp-content\/uploads\/2026\/03\/fuerdich.png 780w, https:\/\/www.knopjestudio.de\/wp-content\/uploads\/2026\/03\/fuerdich.png 360w\" sizes=\"auto, (max-width: 480px) 150px\" src=\"https:\/\/www.knopjestudio.de\/wp-content\/uploads\/2026\/03\/fuerdich.png\" alt=\"\" class=\"uag-image-329\" width=\"204\" height=\"288\" title=\"fu\u0308rdich\" loading=\"lazy\" role=\"img\"\/><\/figure><\/div>\n<\/div>\n\n\n\n<div class=\"wp-block-uagb-info-box uagb-block-15f5f160 uagb-infobox__content-wrap  uagb-infobox-icon-above-title uagb-infobox-image-valign-top\"><div class=\"uagb-ifb-content\"><div class=\"uagb-ifb-title-wrap\"><h3 class=\"uagb-ifb-title\">F\u00fcr Dich gemacht<\/h3><\/div><p class=\"uagb-ifb-desc\">Ob Geburtstag, Hochzeit, Geburt, Kommunion, Jahrestag, Gesch\u00e4ftsr\u00e4ume, Schaufensterdekoration oder Feierlichkeiten. <br><br>Kontaktiere mich f\u00fcr ein individuelles Angebot. <\/p><\/div><\/div>\n\n\n\n<div class=\"wp-block-uagb-buttons uagb-buttons__outer-wrap uagb-btn__default-btn uagb-btn-tablet__default-btn uagb-btn-mobile__default-btn uagb-block-e58ac0da\"><div class=\"uagb-buttons__wrap uagb-buttons-layout-wrap \">\n<div class=\"wp-block-uagb-buttons-child uagb-buttons__outer-wrap uagb-block-9796969a wp-block-button\"><div class=\"uagb-button__wrapper\"><a class=\"uagb-buttons-repeater wp-block-button__link\" aria-label=\"\" href=\"https:\/\/www.knopjestudio.de\/?page_id=137\" rel=\"follow noopener\" target=\"_self\" role=\"button\"><div class=\"uagb-button__link\">Hier lang<\/div><span class=\"uagb-button__icon uagb-button__icon-position-after\"><svg xmlns=\"https:\/\/www.w3.org\/2000\/svg\" viewBox=\"0 0 320 512\" aria-hidden=\"true\" focussable=\"false\"><path d=\"M96 480c-8.188 0-16.38-3.125-22.62-9.375c-12.5-12.5-12.5-32.75 0-45.25L242.8 256L73.38 86.63c-12.5-12.5-12.5-32.75 0-45.25s32.75-12.5 45.25 0l192 192c12.5 12.5 12.5 32.75 0 45.25l-192 192C112.4 476.9 104.2 480 96 480z\"><\/path><\/svg><\/span><\/a><\/div><\/div>\n<\/div><\/div>\n<\/div>\n\n\n\n<div class=\"wp-block-uagb-container uagb-block-1d8e0d4e\">\n<div class=\"wp-block-uagb-image aligncenter uagb-block-a2369bfc wp-block-uagb-image--layout-default wp-block-uagb-image--effect-static wp-block-uagb-image--align-center alignleft\"><figure class=\"wp-block-uagb-image__figure\"><img decoding=\"async\" srcset=\"https:\/\/www.knopjestudio.de\/wp-content\/uploads\/2026\/03\/lieblin.png ,https:\/\/www.knopjestudio.de\/wp-content\/uploads\/2026\/03\/lieblin.png 780w, https:\/\/www.knopjestudio.de\/wp-content\/uploads\/2026\/03\/lieblin.png 360w\" sizes=\"auto, (max-width: 480px) 150px\" src=\"https:\/\/www.knopjestudio.de\/wp-content\/uploads\/2026\/03\/lieblin.png\" alt=\"\" class=\"uag-image-331\" width=\"244\" height=\"288\" title=\"lieblin\" loading=\"lazy\" role=\"img\"\/><\/figure><\/div>\n\n\n\n<div class=\"wp-block-uagb-info-box uagb-block-10c98fa6 uagb-infobox__content-wrap  uagb-infobox-icon-above-title uagb-infobox-image-valign-top\"><div class=\"uagb-ifb-content\"><div class=\"uagb-ifb-title-wrap\"><h3 class=\"uagb-ifb-title\">Lieblingsst\u00fccke<\/h3><\/div><p class=\"uagb-ifb-desc\">Du liebst es, Deine Fenster nach Themen oder den Jahreszeiten zu dekorieren? Dann wirst Du hier bestimmt f\u00fcndig. <br><br>Ob Wohnzimmer, K\u00fcche, G\u00e4ste-WC, Flur, Schlafzimmer oder Kinderzimmer. <br><br>Hier findest Du Deko f\u00fcr das ganze Haus und das ganze Jahr. <\/p><\/div><\/div>\n\n\n\n<div class=\"wp-block-uagb-buttons uagb-buttons__outer-wrap uagb-btn__default-btn uagb-btn-tablet__default-btn uagb-btn-mobile__default-btn uagb-block-4fb0d749\"><div class=\"uagb-buttons__wrap uagb-buttons-layout-wrap \">\n<div class=\"wp-block-uagb-buttons-child uagb-buttons__outer-wrap uagb-block-d0cd8343 wp-block-button\"><div class=\"uagb-button__wrapper\"><a class=\"uagb-buttons-repeater wp-block-button__link\" aria-label=\"\" href=\"https:\/\/www.knopjestudio.de\/?page_id=213\" rel=\"follow noopener\" target=\"_self\" role=\"button\"><div class=\"uagb-button__link\">Hier lang<\/div><span class=\"uagb-button__icon uagb-button__icon-position-after\"><svg xmlns=\"https:\/\/www.w3.org\/2000\/svg\" viewBox=\"0 0 320 512\" aria-hidden=\"true\" focussable=\"false\"><path d=\"M96 480c-8.188 0-16.38-3.125-22.62-9.375c-12.5-12.5-12.5-32.75 0-45.25L242.8 256L73.38 86.63c-12.5-12.5-12.5-32.75 0-45.25s32.75-12.5 45.25 0l192 192c12.5 12.5 12.5 32.75 0 45.25l-192 192C112.4 476.9 104.2 480 96 480z\"><\/path><\/svg><\/span><\/a><\/div><\/div>\n<\/div><\/div>\n<\/div>\n\n\n\n<div class=\"wp-block-uagb-container uagb-block-ddd18e35\">\n<div class=\"wp-block-uagb-image aligncenter uagb-block-c8cd150d wp-block-uagb-image--layout-default wp-block-uagb-image--effect-static wp-block-uagb-image--align-center alignleft\"><figure class=\"wp-block-uagb-image__figure\"><img decoding=\"async\" srcset=\"https:\/\/www.knopjestudio.de\/wp-content\/uploads\/2026\/03\/MuensterWebseite.png ,https:\/\/www.knopjestudio.de\/wp-content\/uploads\/2026\/03\/MuensterWebseite.png 780w, https:\/\/www.knopjestudio.de\/wp-content\/uploads\/2026\/03\/MuensterWebseite.png 360w\" sizes=\"auto, (max-width: 480px) 150px\" src=\"https:\/\/www.knopjestudio.de\/wp-content\/uploads\/2026\/03\/MuensterWebseite.png\" alt=\"\" class=\"uag-image-207\" width=\"245\" height=\"288\" title=\"Mu\u0308nsterWebseite\" loading=\"lazy\" role=\"img\"\/><\/figure><\/div>\n\n\n\n<div class=\"wp-block-uagb-info-box uagb-block-400e5fb0 uagb-infobox__content-wrap  uagb-infobox-icon-above-title uagb-infobox-image-valign-top\"><div class=\"uagb-ifb-content\"><div class=\"uagb-ifb-title-wrap\"><h3 class=\"uagb-ifb-title\">St\u00e4dteliebe<\/h3><\/div><p class=\"uagb-ifb-desc\">Du bist Fan einer Stadt oder m\u00f6chtest einem besonderen Menschen eine Freude machen? <br><br>Dann schaue Dir die Papierketten mit den St\u00e4dtemottos an. <br><\/p><\/div><\/div>\n\n\n\n<div class=\"wp-block-uagb-buttons uagb-buttons__outer-wrap uagb-btn__default-btn uagb-btn-tablet__default-btn uagb-btn-mobile__default-btn uagb-block-2976d091\"><div class=\"uagb-buttons__wrap uagb-buttons-layout-wrap \">\n<div class=\"wp-block-uagb-buttons-child uagb-buttons__outer-wrap uagb-block-fb9701ab wp-block-button\"><div class=\"uagb-button__wrapper\"><a class=\"uagb-buttons-repeater wp-block-button__link\" aria-label=\"\" href=\"https:\/\/www.knopjestudio.de\/?page_id=244\" rel=\"follow noopener\" target=\"_self\" role=\"button\"><div class=\"uagb-button__link\">Hier lang<\/div><span class=\"uagb-button__icon uagb-button__icon-position-after\"><svg xmlns=\"https:\/\/www.w3.org\/2000\/svg\" viewBox=\"0 0 320 512\" aria-hidden=\"true\" focussable=\"false\"><path d=\"M96 480c-8.188 0-16.38-3.125-22.62-9.375c-12.5-12.5-12.5-32.75 0-45.25L242.8 256L73.38 86.63c-12.5-12.5-12.5-32.75 0-45.25s32.75-12.5 45.25 0l192 192c12.5 12.5 12.5 32.75 0 45.25l-192 192C112.4 476.9 104.2 480 96 480z\"><\/path><\/svg><\/span><\/a><\/div><\/div>\n<\/div><\/div>\n<\/div>\n<\/div>\n<\/div><\/div>\n\n\n\n<p><\/p>\n","protected":false},"excerpt":{"rendered":"","protected":false},"author":1,"featured_media":0,"parent":0,"menu_order":0,"comment_status":"closed","ping_status":"closed","template":"","meta":{"_uag_custom_page_level_css":"","site-sidebar-layout":"default","site-content-layout":"","ast-site-content-layout":"default","site-content-style":"default","site-sidebar-style":"default","ast-global-header-display":"","ast-banner-title-visibility":"","ast-main-header-display":"","ast-hfb-above-header-display":"","ast-hfb-below-header-display":"","ast-hfb-mobile-header-display":"","site-post-title":"disabled","ast-breadcrumbs-content":"","ast-featured-img":"","footer-sml-layout":"","ast-disable-related-posts":"","theme-transparent-header-meta":"","adv-header-id-meta":"","stick-header-meta":"","header-above-stick-meta":"","header-main-stick-meta":"","header-below-stick-meta":"","astra-migrate-meta-layouts":"default","ast-page-background-enabled":"default","ast-page-background-meta":{"desktop":{"background-color":"var(--ast-global-color-5)","background-image":"","background-repeat":"repeat","background-position":"center center","background-size":"auto","background-attachment":"scroll","background-type":"","background-media":"","overlay-type":"","overlay-color":"","overlay-opacity":"","overlay-gradient":""},"tablet":{"background-color":"","background-image":"","background-repeat":"repeat","background-position":"center center","background-size":"auto","background-attachment":"scroll","background-type":"","background-media":"","overlay-type":"","overlay-color":"","overlay-opacity":"","overlay-gradient":""},"mobile":{"background-color":"","background-image":"","background-repeat":"repeat","background-position":"center center","background-size":"auto","background-attachment":"scroll","background-type":"","background-media":"","overlay-type":"","overlay-color":"","overlay-opacity":"","overlay-gradient":""}},"ast-content-background-meta":{"desktop":{"background-color":"var(--ast-global-color-4)","background-image":"","background-repeat":"repeat","background-position":"center center","background-size":"auto","background-attachment":"scroll","background-type":"","background-media":"","overlay-type":"","overlay-color":"","overlay-opacity":"","overlay-gradient":""},"tablet":{"background-color":"var(--ast-global-color-4)","background-image":"","background-repeat":"repeat","background-position":"center center","background-size":"auto","background-attachment":"scroll","background-type":"","background-media":"","overlay-type":"","overlay-color":"","overlay-opacity":"","overlay-gradient":""},"mobile":{"background-color":"var(--ast-global-color-4)","background-image":"","background-repeat":"repeat","background-position":"center center","background-size":"auto","background-attachment":"scroll","background-type":"","background-media":"","overlay-type":"","overlay-color":"","overlay-opacity":"","overlay-gradient":""}},"footnotes":""},"class_list":["post-150","page","type-page","status-publish","hentry"],"uagb_featured_image_src":{"full":false,"thumbnail":false,"medium":false,"medium_large":false,"large":false,"1536x1536":false,"2048x2048":false},"uagb_author_info":{"display_name":"admin","author_link":"https:\/\/www.knopjestudio.de\/?author=1"},"uagb_comment_info":0,"uagb_excerpt":null,"_links":{"self":[{"href":"https:\/\/www.knopjestudio.de\/index.php?rest_route=\/wp\/v2\/pages\/150","targetHints":{"allow":["GET"]}}],"collection":[{"href":"https:\/\/www.knopjestudio.de\/index.php?rest_route=\/wp\/v2\/pages"}],"about":[{"href":"https:\/\/www.knopjestudio.de\/index.php?rest_route=\/wp\/v2\/types\/page"}],"author":[{"embeddable":true,"href":"https:\/\/www.knopjestudio.de\/index.php?rest_route=\/wp\/v2\/users\/1"}],"replies":[{"embeddable":true,"href":"https:\/\/www.knopjestudio.de\/index.php?rest_route=%2Fwp%2Fv2%2Fcomments&post=150"}],"version-history":[{"count":25,"href":"https:\/\/www.knopjestudio.de\/index.php?rest_route=\/wp\/v2\/pages\/150\/revisions"}],"predecessor-version":[{"id":332,"href":"https:\/\/www.knopjestudio.de\/index.php?rest_route=\/wp\/v2\/pages\/150\/revisions\/332"}],"wp:attachment":[{"href":"https:\/\/www.knopjestudio.de\/index.php?rest_route=%2Fwp%2Fv2%2Fmedia&parent=150"}],"curies":[{"name":"wp","href":"https:\/\/api.w.org\/{rel}","templated":true}]}}